 of 3304407?
0
What is the hundreds digit of 38259509?
5
What is the millions digit of 3645917?
3
What is the units digit of 909772?
2
What is the hundreds digit of 834862?
8
What is the millions digit of 2093437?
2
What is the hundred thousands digit of 1017049?
0
What is the units digit of 4222846?
6
What is the thousands digit of 9120079?
0
What is the thousands digit of 2040261?
0
What is the ten thousands digit of 40435?
4
What is the hundreds digit of 8783249?
2
What is the ten thousands digit of 213463?
1
What is the ten thousands digit of 134247?
3
What is the tens digit of 324406?
0
What is the tens digit of 572821?
2
What is the hundred thousands digit of 703046?
7
What is the thousands digit of 35013910?
3
What is the units digit of 256951?
1
What is the millions digit of 4344722?
4
What is the thousands digit of 347135?
7
What is the ten millions digit of 43429486?
4
What is the ten thousands digit of 10566283?
6
What is the thousands digit of 270421?
0
What is the units digit of 4608540?
0
What is the hundred thousands digit of 186778?
1
What is the millions digit of 1051206?
1
What is the hundreds digit of 122616?
6
What is the hundreds digit of 226119?
1
What is the units digit of 919342?
2
What is the ten thousands digit of 48038?
4
What is the units digit of 440792?
2
What is the hundreds digit of 148662?
6
What is the hundred thousands digit of 1624030?
6
What is the units digit of 7747611?
1
What is the hundreds digit of 487207?
2
What is the thousands digit of 214134?
4
What is the tens digit of 938416?
1
What is the units digit of 14040?
0
What is the units digit of 166395?
5
What is the tens digit of 29983847?
4
What is the units digit of 19948528?
8
What is the tens digit of 514165?
6
What is the hundreds digit of 12005889?
8
What is the hundred thousands digit of 14420051?
4
What is the hundred thousands digit of 137240?
1
What is the thousands digit of 2119481?
9
What is the hundreds digit of 7134?
1
What is the units digit of 67760?
0
What is the tens digit of 76998?
9
What is the units digit of 17306762?
2
What is the hundred thousands digit of 5696649?
6
What is the hundreds digit of 10074940?
9
What is the hundred thousands digit of 844940?
8
What is the thousands digit of 5690952?
0
What is the hundred thousands digit of 516991?
5
What is the hundred thousands digit of 443971?
4
What is the units digit of 1819822?
2
What is the hundred thousands digit of 7631401?
6
What is the ten thousands digit of 26987134?
8
What is the thousands digit of 229087?
9
What is the hundreds digit of 1814852?
8
What is the hundred thousands digit of 19968187?
9
What is the thousands digit of 33025922?
5
What is the hundred thousands digit of 150321?
1
What is the ten thousands digit of 584700?
8
What is the units digit of 170715?
5
What is the hundred thousands digit of 385169?
3
What is the thousands digit of 765233?
5
What is the ten thousands digit of 1417597?
1
What is the ten thousands digit of 2534801?
3
What is the tens digit of 843307?
0
What is the hundred thousands digit of 454285?
4
What is the millions digit of 3937718?
3
What is the thousands digit of 7511465?
1
What is the millions digit of 2646313?
2
What is the units digit of 1167795?
5
What is the hundreds digit of 511704?
7
What is the hundreds digit of 20039295?
2
What is the hundred thousands digit of 9883638?
8
What is the thousands digit of 2767441?
7
What is the hundred thousands digit of 2893687?
8
What is the thousands digit of 92365?
2
What is the units digit of 845186?
6
What is the tens digit of 11300888?
8
What is the ten thousands digit of 34253644?
5
What is the hundred thousands digit of 5401789?
4
What is the millions digit of 1712194?
1
What is the thousands digit of 11796375?
6
What is the ten thousands digit of 454758?
5
What is the thousands digit of 333415?
3
What is the thousands digit of 222430?
2
What is the units digit of 6844702?
2
What is the hundreds digit of 274770?
7
What is the ten thousands digit of 3653636?
5
What is the tens digit of 2167465?
6
What is the units digit of 85673?
3
What is the tens digit of 27069529?
2
What is the thousands digit of 1521421?
1
What is the hundreds digit of 3760235?
2
What is the units digit of 1029664?
4
What is the tens digit of 8180636?
3
What is the thousands digit of 47096?
7
What is the hundreds digit of 1589082?
0
What is the hundred thousands digit of 2895211?
8
What is the units digit of 1293662?
2
What is the millions digit of 16387580?
6
What is the hundred thousands digit of 4436475?
4
What is the ten thousands digit of 95708?
9
What is the hundreds digit of 18668419?
4
What is the hundreds digit of 78880?
8
What is the hundred thousands digit of 710785?
7
What is the hundred thousands digit of 205561?
2
What is the hundred thousands digit of 381570?
3
What is the hundreds digit of 472682?
6
What is the hundreds digit of 2771020?
0
What is the hundred thousands digit of 1633534?
6
What is the thousands digit of 757307?
7
What is the ten thousands digit of 1724091?
2
What is the hundreds digit of 890292?
2
What is the thousands digit of 32949836?
9
What is the tens digit of 13023372?
7
What is the units digit of 623530?
0
What is the ten thousands digit of 5687717?
8
What is the tens digit of 6657918?
1
What is the hundreds digit of 8137358?
3
What is the ten thousands digit of 75303?
7
What is the hundred thousands digit of 376171?
3
What is the thousands digit of 3992?
3
What is the units digit of 3419860?
0
What is the ten thousands digit of 122120?
2
What is the ten thousands digit of 216058?
1
What is the units digit of 37550422?
2
What is the millions digit of 1045636?
1
What is the units digit of 251527?
7
What is the units digit of 2078?
8
What is the thousands digit of 8112?
8
What is the hundred thousands digit of 220827?
2
What is the thousands digit of 155408?
5
What is the hundreds digit of 4841106?
1
What is the hundreds digit of 1167717?
7
What is the ten millions digit of 20457771?
2
What is the hundred thousands digit of 8153682?
1
What is the units digit of 12578296?
6
What is the thousands digit of 93793?
3
What is the ten thousands digit of 39005?
3
What is the units digit of 2077000?
0
What is the hundreds digit of 3362399?
3
What is the millions digit of 4292733?
4
What is the hundreds digit of 3647360?
3
What is the hundreds digit of 1719?
7
What is the tens digit of 8374754?
5
What is the tens digit of 2661665?
6
What is the millions digit of 4902063?
4
What is the units digit of 206413?
3
What is the units digit of 1683953?
3
What is the hundreds digit of 325426?
4
What is the units digit of 780258?
8
What is the thousands digit of 775061?
5
What is the tens digit of 7998504?
0
What is the millions digit of 3953029?
3
What is the thousands digit of 277563?
7
What is the hundreds digit of 240377?
3
What is the hundreds digit of 5081184?
1
What is the millions digit of 1249223?
1
What is the tens digit of 34740?
4
What is the tens digit of 2814423?
2
What is the hundred thousands digit of 4875863?
8
What is the units digit of 1408790?
0
What is the hundreds digit of 10443711?
7
What is the millions digit of 1155629?
1
What is the units digit of 189045?
5
What is the hundreds digit of 446269?
2
What is the units digit of 5083399?
9
What is the hundreds digit of 23188652?
6
What is the tens digit of 18951?
5
What is the hundreds digit of 2264458?
4
What is the hundreds digit of 682420?
4
What is the millions digit of 1088704?
1
What is the millions digit of 21797475?
1
What is the hundred thousands digit of 696016?
6
What is the tens digit of 183837?
3
What is the millions digit of 21075711?
1
What is the hundred thousands digit of 154184?
1
What is the hundreds digit of 94092?
0
What is the hundreds digit of 455187?
1
What is the units digit of 14777362?
2
What is the hundred thousands digit of 595731?
5
What is the hundred thousands digit of 4580731?
5
What is the millions digit of 1678614?
1
What is the ten thousands digit of 1937835?
3
What is the thousands digit of 502049?
2
What is the ten thousands digit of 481865?
8
What is the hundred thousands digit of 425511?
4
What is the millions digit of 7406403?
7
What is the units digit of 1321844?
4
What is the units